 is -1520c7 - b?
-1520d3
In base 2, what is 110000 - -101101111011010011?
101101111100000011
In base 5, what is 11404220 + -4032?
11400133
In base 2, what is -1101111001000001100001 + -101?
-1101111001000001100110
In base 16, what is -2672 + 1107?
-156b
In base 13, what is 0 + 2531b184?
2531b184
In base 7, what is -56615 - -4304?
-52311
In base 7, what is -25 + -2523522?
-2523550
In base 2, what is 101 - -10100001010110111111101100?
10100001010110111111110001
In base 5, what is -11121 - -230442?
214321
In base 3, what is -210100110022 - -1010101?
-210022022221
In base 14, what is 48 + -bdc90?
-bdc46
In base 6, what is 13 - 541215532?
-541215515
In base 6, what is 3325 - -1145420?
1153145
In base 12, what is 34 + -3b410a?
-3b4096
In base 6, what is 125243255 - 5?
125243250
In base 3, what is -21221122 + 100111211?
1120012
In base 11, what is 403 - 93034?
-92731
In base 10, what is 506576 + 45?
506621
In base 4, what is 2103001200130 + 11?
2103001200201
In base 12, what is -26 + -1360a?
-13634
In base 6, what is 5424 + -30223?
-20355
In base 10, what is -106458 - -10?
-106448
In base 8, what is -63202336 - 2?
-63202340
In base 7, what is 2 - -2121346534?
2121346536
In base 3, what is -1 + 11022220002002?
11022220002001
In base 15, what is -76a + -3596?
-3d11
In base 8, what is -362563034 + -10?
-362563044
In base 11, what is 43 - 31871?
-31829
In base 11, what is -5 - -9872230?
9872226
In base 15, what is 652 - 481?
1c1
In base 10, what is -126 + -133266?
-133392
In base 15, what is 25c143 - 1?
25c142
In base 8, what is 2676 + -22421?
-17523
In base 8, what is 22320157 - -4?
22320163
In base 14, what is -32b37a - 7?
-32b383
In base 13, what is 21b51b4 + -3?
21b51b1
In base 8, what is 255020756 + -3?
255020753
In base 3, what is -12010010200 - 1100?
-12010012000
In base 12, what is -3 - -98ab719?
98ab716
In base 10, what is -32848 - -3304?
-29544
In base 4, what is -13112 - -33010003?
32330231
In base 2, what is -1001000001101 + -1011101000?
-1010011110101
In base 2, what is 100110010 + -10010010011011110?
-10010001110101100
In base 16, what is 19 - -aff85?
aff9e
In base 9, what is -253345672 + -3?
-253345675
In base 9, what is 856 + -12173?
-11216
In base 16, what is -fc1 - 4c31?
-5bf2
In base 13, what is 4 - 4b98bc32?
-4b98bc2b
In base 16, what is 5028a1 + 7?
5028a8
In base 4, what is -2001202 + 12331?
-1322211
In base 13, what is 210 - 1691?
-1481
In base 13, what is -4 - -14b3c83?
14b3c7c
In base 5, what is -12232042200 - -10?
-12232042140
In base 6, what is 235044503 - -4?
235044511
In base 11, what is -298 + 1029?
841
In base 13, what is -15724 - b54?
-16578
In base 15, what is -8019663 - 3?
-8019666
In base 8, what is 15757620 + -133?
15757465
In base 14, what is 5 + 3992d09?
3992d10
In base 13, what is -8210 + -16c41?
-22151
In base 14, what is 6c8 + -ac7b8?
-ac0d0
In base 12, what is -36b6b - -5a?
-36b11
In base 12, what is -36009 + -17?
-36024
In base 10, what is -5 + -60496?
-60501
In base 3, what is 100 + 1120202001120102?
1120202001120202
In base 6, what is -25011 - -102411?
33400
In base 10, what is 1612 + 4019?
5631
In base 2, what is 10000001111001 - 11001000001011?
-1000110010010
In base 4, what is 23202012 + 211?
23202223
In base 3, what is 1100222121021 - 1112?
1100222112202
In base 14, what is 18a04 - -34d?
18d53
In base 8, what is 33 + 5753451?
5753504
In base 15, what is 51a + a1d1?
a6eb
In base 9, what is 10263 + 130127?
140401
In base 11, what is 4963323a + -1?
49633239
In base 3, what is 110212002112212 + 1?
110212002112220
In base 7, what is -3 - 10264626?
-10264632
In base 10, what is -13 - -11275411?
11275398
In base 11, what is -116aa9102 + -2?
-116aa9104
In base 16, what is -4 + -1f1ce?
-1f1d2
In base 15, what is 3d201 - 7b?
3d175
In base 7, what is 1233411 + -2?
1233406
In base 6, what is -55502411 + -335?
-55503150
In base 16, what is 47 + -10491c?
-1048d5
In base 3, what is 222010221022100 - 1001?
222010221021022
In base 13, what is 6 - -1a8b97?
1a8ba0
In base 16, what is 1 + 3df06a?
3df06b
In base 8, what is 1315702 - -1034?
1316736
In base 6, what is -4 - -14145431005?
14145431001
In base 4, what is -11 + -22222320011?
-22222320022
In base 3, what is -21121112012 - -2222?
-21121102020
In base 5, what is 42004041 + 113?
42004204
In base 10, what is -10 + -783650?
-783660
In base 15, what is 830eee - 1?
830eed
In base 16, what is -3 + 164d7e?
164d7b
In base 16, what is aca - 6f566?
-6ea9c
In base 16, what is -30 - 8bb74?
-8bba4
In base 14, what is -14a06 + -31ac?
-17bb4
In base 2, what is 110100000010001100110 - -1000111?
110100000010010101101
In base 2, what is -111101 + -1101010010110101101000?
-1101010010110110100101
In base 15, what is 144e0b7 + 2a?
144e0e2
In base 3, what is -101222022 - 2011021?
-111010120
In base 4, what is 3 - 220301100021?
-220301100012
In base 15, what is 3431e4a - -4?
3431e4e
In base 14, what is -5a2 - -23b3?
1c11
In base 5, what is 113 - 1012444344?
-1012444231
In base 5, what is 1140 - -12312121?
12313311
In base 3, what is -21021102011 + -112?
-21021102200
In base 7, what is 265323 - 1064?
264226
In base 15, what is 25c + 317e?
33db
In base 11, what is -24a3 - 6243?
-8736
In base 5, what is -34 + -1101122020?
-1101122104
In base 5, what is 34232042 + -13320?
34213222
In base 10, what is 3466619 + 4?
3466623
In base 9, what is 4 + -2658535?
-2658531
In base 4, what is -3302002313 - -2?
-3302002311
In base 6, what is 13414114153 - -3?
13414114200
In base 11, what is 99188 + 908?
99a95
In base 11, what is 1 - 11688a52?
-11688a51
In base 5, what is 33120034114 + -12?
33120034102
In base 5, what is 233 + -13034330?
-13034042
In base 7, what is 660 - -224360?
225350
In base 7, what is 15044 - -3331622?
3346666
In base 11, what is -73 - 13520?
-13593
In base 4, what is -3011130 + 2200?
-3002330
In base 10, what is 63782 - 191?
63591
In base 6, what is 0 + -33152314?
-33152314
In base 3, what is -20021 + 22012121001?
22012100210
In base 13, what is 17 + -2265c?
-22645
In base 13, what is 49b7bc - -38?
49b827
In base 13, what is -3 - 3b10cb3?
-3b10cb6
In base 4, what is 10332233030102 - 1?
10332233030101
In base 7, what is 4 + -3540632324?
-3540632320
In base 5, what is 0 + 3224421441?
3224421441
In base 7, what is -20 - -11155565?
11155545
In base 4, what is -1311330201221 + -13?
-1311330201300
In base 4, what is 121323133 + -101?
121323032
In base 6, what is -30405 + -124045?
-154454
In base 7, what is -111562320 + 151?
-111562136
In base 16, what is c - aa72fc?
-aa72f0
In base 8, what is -75 - 1324514?
-1324611
In base 13, what is -17 - -307840b?
30783c4
In base 16, what is -306f + 196?
-2ed9
In base 9, what is -8628 + -343?
-10072
In base 7, what is -41425625 - 2?
-41425630
In base 2, what is 101011111010 - -111101101010?
1101001100100
In base 6, what is -310223304 + 33?
-310223231
In base 4, what is -1000331 - -33003?
-301322
In base 12, what is 119 + -8b09?
-89b0
In base 12, what is 128a0 + 4828?
17508
In base 14, what is -52 - -76335?
762c3
In base 8, what is -22 - -507105?
507063
In base 5, what is 42040233 - -403?
42041141
In base 13, what is 3c124 - 190?
3bc64
In base 6, what is -4 + -24014030?
-24014034
In base 2, what is 10101100110011100110100101 - 0?
10101100110011100110100101
In base 13, what is 80 + 470a3?
47153
In base 13, what is 2 - -68742?
68744
In base 8, what is 4 - 51537670?
-51537664
In base 3, what is -11 - -2001111021110010?
2001111021102222
In base 15, what is -6aa3 + -d33?
-78d6
In base 13, what is -62 + 232678?
232616
In base 15, what is 98 - d044?
-ce9b
In base 15, what is 11a + 73961?
73a7b
In base 13, what is 6661 - 79a2?
-1341
In base 12, what is 2620a6 + 2?
2620a8
In base 4, what is 120003100303 + 3?
120003100312
In base 10, what is 181278891 + 3?
181278894
In base 3, what is 122 + 202022202002022?
202022202002221
In base 16, what is -4891d + 177?
-487a6
In base 11, what is 2 + -18795524?
-18795522
In base 10, what is 40946973 - -1?
40946974
In base 8, what is 7 - -13377600?
13377607
In base 16, what is 87 - -20f3?
217a
In base 13, what is -1c71a9 - -28?
-1c7181
In base 2, what is 10 + 100001001110011111100111?
100001001110011111101001
In base 13, what is 10016 - 101?
cc15
In base 16, what is 0 - -3f70381?
3f70381
In base 8, what is -1475107 - 1322?
-147